13
Suppose 0 = 3*h - 8*h + 10. Suppose -5*k + 4*k + 94 = -4*t, -h*t = 3*k - 226. What is the greatest common divisor of k and 13?
13
Suppose 4*d + 30 + 2 = 0. Let v be (2/4)/((-2)/d). Let q be (7/(-2) + 4)*36. Calculate the greatest common divisor of v and q.
2
Suppose 4*u = -7*u + 528. Let o(n) = n**3 - 4*n**2 - 3*n - 7. Let i be o(5). Let l be 15/i + (2 - 1). Calculate the highest common factor of u and l.
6
Suppose 5*j - 249 = -69. Suppose 0 = 41*d - 18*d - 1242. Calculate the highest common divisor of d and j.
18
Let g be 4 + (-12 - -7) + 364. What is the highest common divisor of 66 and g?
33
Let h(q) = 14*q**2 - 6*q + 6 - 3*q - 16*q**2. Let z be h(-5). What is the greatest common factor of 5 and z?
1
Let o be 36/3 + (1 - 1). Let v = -23 + 80. Suppose 3*j + 4*p = v + 83, 3*j = -p + 143. What is the greatest common divisor of j and o?
12
Let g(s) = 24*s**2 - s + 7. Let q = 96 - 93. Let o be g(q). What is the highest common factor of o and 20?
20
Let z be (-4)/(-5)*(-15)/(-12)*-2. Let s(i) = -3*i**3 + 2*i. Let m be s(z). What is the greatest common factor of m and 20?
20
Let f(l) = -l**3 - 6*l**2 - 2*l + 33. Let m be f(-5). Calculate the highest common factor of m and 72.
18
Let g(r) = -7*r - 6. Let u be g(-13). Suppose -7*b + u = -6*b. Suppose -b = -2*t + 59. What is the greatest common divisor of 24 and t?
24
Let d(g) = g**2 + 3*g - 16. Let n be d(17). Calculate the highest common factor of 36 and n.
36
Let r(k) = 0*k**3 + 3*k**3 + 4*k**2 + 18 - 5*k**2 - k**3. Let c be r(0). What is the highest common divisor of 63 and c?
9
Suppose 0 = -3*z + 707 + 103. Calculate the highest common divisor of 120 and z.
30
Suppose -2*l - 3*n + 283 = 0, 2*n + 278 = 2*l - 0*l. Let v = 4 + l. Calculate the highest common factor of 9 and v.
9
Let s(i) = 4*i + 5. Let h be s(10). Calculate the greatest common divisor of 243 and h.
9
Let c be 3 + (-2)/(-2 + 0). Suppose -h + c*h - 147 = 0. Suppose -6*d + 6 = 2*r - 2*d, 0 = -r - 4*d - 1. Calculate the greatest common factor of r and h.
7
Let o(b) be the second derivative of 2*b - 3/2*b**2 + 8/3*b**3 + 0. Let w be o(3). What is the greatest common factor of w and 9?
9
Let x be 2*(4 + -1004)/(-5). What is the greatest common factor of 10 and x?
10
Let j(c) = -c - 3. Let g be j(-7). Suppose 5 = 3*k - r + 16, -4*r = -2*k - 14. Let t be k/12*-1*2*8. What is the highest common divisor of g and t?
4
Suppose -1537 = -7*f - 1474. What is the greatest common factor of 69 and f?
3
Suppose -32*r + 27*r = -370. Calculate the highest common factor of 333 and r.
37
Let z be 7/(-14) + (-5 - (-129)/6). Calculate the highest common divisor of 144 and z.
16
Let i(f) be the first derivative of -3*f**2/2 + 10*f + 28. Let h be i(-6). Calculate the highest common factor of 14 and h.
14
Let s be (-3)/(3 + (-18)/8). Let w be (s - -28)*9/(-6). Let q = -23 - w. Calculate the greatest common divisor of 13 and q.
13
Let a(y) be the third derivative of y**6/120 + y**5/30 - 5*y**4/24 - 5*y**3/6 - 8*y**2. Let g be a(-3). Calculate the highest common divisor of g and 8.
1
Suppose -2*x = y + y - 2, 3*y + 5*x + 3 = 0. Suppose -4*b - y + 56 = 0. What is the greatest common divisor of 65 and b?
13
Let v be (5 - 2)/(6/20). Let c = 20 - -27. Suppose c*b - 53*b + 660 = 0. Calculate the highest common factor of b and v.
10
Let k be 3 + 9/(-3) + -4. Let v = k + 24. Suppose -l = 4*l - v. What is the highest common divisor of l and 44?
4
Let k be ((-4)/3)/2*3/(-2). Let h be (47 - (3 - k)) + (12 - 12). Calculate the greatest common divisor of 315 and h.
45
Let g = 1839 + -1115. Suppose -64 = 4*o - g. Calculate the greatest common divisor of 15 and o.
15
Let k be 2 + 1*27*15. Suppose 3*c + 2*m - 107 = 0, -c + 18*m - 23*m = -27. What is the highest common divisor of k and c?
37
Suppose -b + 288 = 11*b. Calculate the highest common divisor of 228 and b.
12
Let j(t) = 6*t - 3. Suppose -5*p + 4*k + 137 = 0, 4*p = -p - k + 122. Let c be j(p). Calculate the highest common factor of 21 and c.
21
Let u = 11 + 3. What is the greatest common divisor of u and 350?
14
Let t(k) be the first derivative of 22*k**3/3 - k**2/2 - 11*k + 29. Let z be t(-3). Calculate the highest common divisor of z and 76.
38
Let q = -6 - -5. Let n be (-3)/(-4) - q/4. Let r(s) = 39*s**2. Let u be r(n). Calculate the greatest common divisor of u and 13.
13
Let p(q) = q + 1 + 7*q + 2*q**2 + 3 - 3*q**2. Let m be p(6). Let d = -5 + m. What is the highest common divisor of d and 77?
11
Suppose 67*z - 13464 = 59*z. Calculate the greatest common divisor of 17 and z.
17
Let q = 23 - 36. Let l = 20 - q. Calculate the highest common factor of l and 11.
11
Let r be 164/6 + (28/3)/(-7). Suppose 5*o = 5*z + 84 + r, -5*z - 2 = o. Calculate the greatest common divisor of o and 12.
6
Let o = -7 + 12. Suppose 0 = -2*t - z + 399, o*t - 258 = 5*z + 747. What is the greatest common divisor of 25 and t?
25
Let q(m) = -m**3 - 20*m**2 - 26*m - 6. Let y be q(-19). Calculate the highest common divisor of 1651 and y.
127
Let x be 20*6/10*1. Let l be 490/126 + 1/9. Suppose -l - 8 = -z - 3*c, 2*c = 2*z. What is the greatest common factor of z and x?
3
Let m = -64 + 60. Let g(s) = -13*s - 41. Let c be g(m). Calculate the greatest common divisor of 99 and c.
11
Let j(p) = -96*p**2 - p - 1. Let b be j(1). Let a = b + 189. Let u(i) = i**2 + 4*i + 1. Let k be u(-6). What is the highest common factor of a and k?
13
Let t be ((-52)/5)/(65/(-1300)). Calculate the greatest common factor of t and 12.
4
Suppose -3*z = -z - 28. Suppose z = 5*h - 6. Suppose -1 + 9 = h*g. What is the highest common factor of 18 and g?
2
Let c be ((-18)/7)/(-15 + 6712/448). Suppose 4*f - 105 = 39. Calculate the highest common factor of f and c.
36
Let w = 1 + 45. Let s = w - 41. What is the greatest common divisor of 2 and s?
1
Suppose p + 31 + 5 = 4*g, 3*g + 5*p - 50 = 0. Let h be (1 - 0)/(-2)*0. Suppose h = m - 2*m + 25. Calculate the greatest common factor of m and g.
5
Suppose 0 = -5*h + 3*v + 168, -176 = -4*h - 3*v - 47. Let p = -28 + h. Calculate the greatest common divisor of 15 and p.
5
Let g(f) = -f**3 + 4*f**2 + 4*f + 8. Let w be g(5). Suppose -5*x - 3*y + 231 = 0, y = -x + w*y + 54. Calculate the highest common factor of x and 12.
12
Suppose 5*h = 40 + 170. Calculate the highest common factor of h and 462.
42
Let a(i) be the second derivative of -i**4/12 + 3*i**3/2 - 5*i. Let m be a(6). Suppose -2*h + m = -4. Calculate the greatest common factor of h and 11.
11
Suppose 0 = -l + 3*j + 22, 7*l - 104 = 3*l + 4*j. Let d be (16/l)/(1/7). What is the greatest common divisor of 36 and d?
4
Let z = -1671 - -1918. What is the highest common divisor of z and 133?
19
Suppose -3 + 16 = 4*l - y, -18 = -5*l + 3*y. Let k(o) = o**3 + 5*o**2 - 5*o - 2. Let d be k(l). What is the greatest common divisor of 5 and d?
5
Let q be 480/24*(-27)/(-4). Calculate the highest common divisor of 15 and q.
15
Let j be (-1 - -76) + (4 + 1 - 0). What is the highest common divisor of j and 360?
40
Suppose -h + 54 = -73. Let k = 190 - h. Let l = 25 - 18. What is the highest common divisor of l and k?
7
Let l be (-4 + (-9)/(-1))*(-14)/(-5). Calculate the greatest common factor of 742 and l.
14
Let c(w) = -w**3 + 6*w**2 + 7*w + 3. Let p be c(7). Suppose -648 = -p*u - u. What is the highest common divisor of 18 and u?
18
Suppose -477 = -17*m - 18. Let n(b) = b**3 - 5*b**2 - 10*b + 8. Let h be n(7). What is the greatest common divisor of h and m?
9
Let s = 16 + -17. Let u be (-34 - (1 + s))/2. Let y = 19 + u. What is the highest common factor of 2 and y?
2
Let j be (-6 + 0)*21/(-2). Let l = 301 - 294. What is the greatest common factor of j and l?
7
Suppose -118 + 68 = -10*d. Calculate the highest common divisor of d and 265.
5
Suppose -187 - 109 = -4*q. Let y = -11519 - -11630. What is the highest common divisor of q and y?
37
Let a be (-4)/(-5)*(-10)/(-4). Let x(t) = -2*t**3 + 54*t**2 + 2*t - 32. Let n be x(27). Calculate the highest common divisor of a and n.
2
Suppose -4*c + 46 = 2*g, 3*c + 2*g = -g + 42. Let n(f) = f**2 - 6*f - 21. Let u be n(c). Calculate the highest common factor of u and 2.
2
Let c be 10 + -1 + (-12)/(-6). Let g = -6 + c. Suppose 29 = s - g*l, -l + 23 = s + 2*s. Calculate the highest common divisor of 3 and s.
3
Suppose -2*i = -20 - 0. Let d(u) = u + 